r of 2100 and 5610?
30
Calculate the highest common divisor of 992 and 1333.
31
Calculate the highest common factor of 53631 and 18.
9
What is the highest common factor of 351 and 18873?
27
Calculate the greatest common factor of 12 and 136236.
12
What is the greatest common divisor of 123496 and 1376?
344
Calculate the highest common factor of 389 and 328.
1
Calculate the greatest common divisor of 10422 and 1404.
54
Calculate the highest common factor of 1522355 and 1160.
145
Calculate the greatest common factor of 498043 and 507.
169
Calculate the greatest common factor of 59572 and 371.
53
What is the highest common divisor of 84 and 300244?
28
What is the greatest common factor of 208 and 2193308?
52
Calculate the greatest common divisor of 2333452 and 724.
724
Calculate the greatest common factor of 264 and 1533048.
264
What is the greatest common divisor of 51032 and 200?
8
What is the highest common divisor of 18840 and 492?
12
Calculate the greatest common divisor of 17685 and 1745.
5
Calculate the greatest common factor of 388503 and 27.
27
Calculate the highest common divisor of 1147 and 259.
37
Calculate the greatest common factor of 1888 and 11564.
236
What is the highest common factor of 829 and 248?
1
Calculate the highest common divisor of 8636 and 26044.
68
Calculate the highest common divisor of 25 and 890.
5
What is the greatest common divisor of 1551 and 27495?
141
Calculate the highest common factor of 30770 and 10795.
85
Calculate the greatest common factor of 17 and 205207.
17
Calculate the greatest common factor of 429 and 476905.
143
What is the highest common divisor of 177745 and 285?
95
What is the highest common divisor of 947868 and 12?
12
Calculate the greatest common divisor of 1209 and 8307.
39
Calculate the highest common factor of 7874 and 9398.
254
Calculate the highest common divisor of 64428 and 39.
39
Calculate the greatest common factor of 455 and 4459.
91
What is the highest common factor of 1952460 and 900?
180
Calculate the highest common factor of 16515 and 5625.
45
Calculate the greatest common divisor of 187632 and 624.
48
Calculate the highest common divisor of 750 and 3450.
150
Calculate the greatest common factor of 7319 and 117.
13
What is the greatest common divisor of 13971 and 9?
3
Calculate the highest common factor of 562889 and 41.
41
What is the greatest common factor of 19722 and 570?
114
What is the highest common divisor of 38 and 118598?
38
What is the highest common factor of 44562 and 126?
42
Calculate the highest common factor of 3335 and 575.
115
What is the highest common divisor of 77 and 56177?
11
What is the highest common divisor of 59166 and 1026?
342
What is the greatest common factor of 475706 and 28?
14
Calculate the greatest common factor of 11136 and 92336.
464
Calculate the highest common divisor of 55 and 4333285.
55
Calculate the highest common factor of 46 and 132434.
46
Calculate the highest common factor of 216 and 1772631.
27
What is the greatest common divisor of 25422 and 798?
114
Calculate the highest common divisor of 575 and 1075825.
575
Calculate the greatest common factor of 1390 and 60743.
139
What is the highest common divisor of 25225 and 775?
25
What is the greatest common factor of 159632 and 176?
176
What is the highest common factor of 1414 and 1778?
14
What is the greatest common factor of 27332 and 16?
4
Calculate the highest common divisor of 104 and 598.
26
What is the greatest common factor of 11130 and 1680?
210
Calculate the greatest common divisor of 68174 and 356.
178
Calculate the highest common divisor of 156453 and 1724.
431
Calculate the greatest common divisor of 134586 and 54.
18
Calculate the greatest common factor of 5860814 and 43.
43
Calculate the greatest common factor of 247 and 208.
13
Calculate the greatest common divisor of 1969 and 8234.
179
What is the greatest common divisor of 93345 and 343?
49
What is the greatest common divisor of 32208 and 12749?
671
Calculate the greatest common divisor of 2303148 and 12.
12
What is the highest common factor of 7 and 3860892?
7
Calculate the highest common divisor of 79083 and 432.
27
What is the highest common divisor of 5536 and 519?
173
Calculate the greatest common divisor of 768 and 22584.
24
What is the highest common factor of 8764 and 196?
28
What is the highest common factor of 780 and 9607?
13
Calculate the greatest common divisor of 13915 and 1219.
23
What is the greatest common divisor of 5556951 and 116?
29
Calculate the greatest common divisor of 790 and 8100.
10
Calculate the highest common factor of 292 and 255427.
73
What is the greatest common divisor of 1776 and 533244?
444
What is the highest common factor of 2967750 and 225?
225
Calculate the greatest common factor of 3007 and 22289.
31
What is the greatest common divisor of 2553908 and 15169?
1379
What is the highest common divisor of 264 and 57144?
24
Calculate the greatest common divisor of 342480 and 480.
240
What is the greatest common factor of 36 and 10744884?
36
Calculate the greatest common divisor of 58 and 88421.
29
What is the greatest common factor of 159 and 54?
3
What is the greatest common divisor of 110358 and 234?
18
What is the highest common divisor of 832507 and 143?
13
What is the greatest common factor of 65410 and 62?
62
Calculate the greatest common factor of 39806 and 1222.
26
Calculate the greatest common factor of 3320 and 180.
20
Calculate the highest common divisor of 5245252 and 1388.
1388
What is the greatest common divisor of 182 and 826?
14
What is the highest common divisor of 26158 and 29?
29
What is the highest common divisor of 5211 and 3609?
9
What is the greatest common divisor of 4212 and 10368?
324
Calculate the greatest common divisor of 8 and 302.
2
Calculate the highest common divisor of 201 and 1139.
67
What is the highest common divisor of 3360 and 7455?
105
What is the greatest common divisor of 1990 and 391035?
995
Calculate the greatest common divisor of 1253678 and 2.
2
What is the highest common factor of 41118 and 34804?
154
What is the greatest common divisor of 6846 and 272210?
326
What is the greatest common factor of 34 and 8483?
17
What is the highest common factor of 744225 and 15?
15
What is the greatest common divisor of 393849 and 2349?
783
Calculate the greatest common factor of 242 and 109714.
22
What is the highest common divisor of 711 and 261?
9
Calculate the greatest common factor of 2040 and 3615.
15
Calculate the highest common divisor of 96128 and 2048.
128
What is the highest common factor of 675 and 40050?
225
Calculate the greatest common divisor of 5292 and 125734.
98
Calculate the highest common factor of 26850 and 50.
50
What is the highest common factor of 63 and 104769?
63
What is the highest common factor of 192 and 519536?
16
Calculate the greatest common factor of 1485 and 312960.
15
What is the greatest common divisor of 990 and 51766?
22
Calculate the greatest common divisor of 89722 and 2260.
226
What is the greatest common divisor of 411 and 737060?
137
Calculate the greatest common divisor of 18088 and 1498.
14
Calculate the highest common factor of 66 and 11110.
22
What is the highest common divisor of 527 and 6052?
17
What is the highest common factor of 236 and 1712?
4
What is the greatest common factor of 2544 and 1552?
16
Calculate the greatest common factor of 1046816 and 64.
32
What is the greatest common factor of 284692 and 3708?
412
What is the highest common factor of 88610 and 40?
10
Calculate the highest common factor of 13188 and 777.
21
What is the greatest common divisor of 254660 and 5355?
595
Calculate the highest common factor of 18 and 72153.
9
What is the highest common divisor of 30008 and 961?
31
What is the greatest common divisor of 193982 and 46?
46
What is the greatest common factor of 72303 and 224?
7
Calculate the highest common factor of 2820220 and 260.
260
What is the highest common divisor of 848 and 15056?
16
What is the highest common divisor of 2881019 and 178?
89
What is the greatest common factor of 4161970 and 3010?
430
What is the greatest common factor of 5096 and 208?
104
What is the greatest common factor of 54288 and 59943?
1131
What is the highest common divisor of 58152 and 72?